{"id":1034,"date":"2022-07-18T17:27:01","date_gmt":"2022-07-18T20:27:01","guid":{"rendered":"https:\/\/vcnatrilha.com.br\/servicos\/?page_id=1034"},"modified":"2022-07-18T17:27:01","modified_gmt":"2022-07-18T20:27:01","slug":"sobre-a-empresa","status":"publish","type":"page","link":"https:\/\/vcnatrilha.com.br\/servicos\/sobre-a-empresa\/","title":{"rendered":"Sobre a empresa"},"content":{"rendered":"\n<p><mark style=\"background-color:rgba(0, 0, 0, 0)\" class=\"has-inline-color has-black-color\">Renan Cirilo Alves &#8211; Fundador<\/mark><\/p>\n\n\n\n<p>\u2022 \u00c9 a primeira empresa capixaba com foco em produ\u00e7\u00e3o e consultoria em podcasts. Atendendo institui\u00e7\u00f5es p\u00fablicas e privadas;<\/p>\n\n\n\n<p>\u2022 Respons\u00e1vel por todas as fases de produ\u00e7\u00e3o do programa de podcast \u201cNatrilha\u201d.&nbsp; Um dos maiores programas nacionais no segmento: \u201cVida ao ar livre\u201d e \u201d Estilo de vida\u201d desde 2015.&nbsp; (fonte: iTunes, Spotify, Deezer, Google Podcasts);<\/p>\n\n\n\n<p>\u2022 Realiza a\u00e7\u00f5es de promo\u00e7\u00e3o e divulga\u00e7\u00e3o com foco em Podcasts. A\u00e7\u00f5es que incluem eventos, palestras, oficinas e encontros setoriais, bem como a organiza\u00e7\u00e3o de grupo capixaba de produtores de podcast &#8211; POCA;<\/p>\n\n\n\n<p>\u2022 Desde 2017, realiza anualmente o &#8220;Semin\u00e1rio de Podcasts&#8221;, primeiro evento desse segmento no Brasil;<\/p>\n\n\n\n<p>\u2022 Ex Vice-presidente da Associa\u00e7\u00e3o Brasileira de Podcasters \u2013 ABPOD em 2020;<\/p>\n\n\n\n<p>\u2022 \u00danica empresa de podcasts selecionada para participar do MICBR\/2021, representando o mercado \u00cdbero-latino de produ\u00e7\u00e3o audiovisual;<\/p>\n\n\n\n<p>\u2022 Em seu portif\u00f3lio: cobertura de eventos, produ\u00e7\u00e3o e cria\u00e7\u00e3o dos mais variados formatos de podcasts para os mais v\u00e1rios segmentos do mercado nacional.<\/p>\n","protected":false},"excerpt":{"rendered":"<p>Renan Cirilo Alves &#8211; Fundador \u2022 \u00c9 a primeira empresa capixaba com foco em produ\u00e7\u00e3o e consultoria em podcasts. Atendendo institui\u00e7\u00f5es p\u00fablicas e privadas; \u2022 Respons\u00e1vel por todas as fases de produ\u00e7\u00e3o do programa de podcast \u201cNatrilha\u201d.&nbsp; Um dos maiores programas nacionais no segmento: \u201cVida ao ar livre\u201d e \u201d Estilo de vida\u201d desde 2015.&nbsp; [&hellip;]<\/p>\n","protected":false},"author":1,"featured_media":1036,"parent":0,"menu_order":0,"comment_status":"closed","ping_status":"closed","template":"","meta":{"footnotes":""},"class_list":["post-1034","page","type-page","status-publish","has-post-thumbnail","hentry"],"_links":{"self":[{"href":"https:\/\/vcnatrilha.com.br\/servicos\/wp-json\/wp\/v2\/pages\/1034","targetHints":{"allow":["GET"]}}],"collection":[{"href":"https:\/\/vcnatrilha.com.br\/servicos\/wp-json\/wp\/v2\/pages"}],"about":[{"href":"https:\/\/vcnatrilha.com.br\/servicos\/wp-json\/wp\/v2\/types\/page"}],"author":[{"embeddable":true,"href":"https:\/\/vcnatrilha.com.br\/servicos\/wp-json\/wp\/v2\/users\/1"}],"replies":[{"embeddable":true,"href":"https:\/\/vcnatrilha.com.br\/servicos\/wp-json\/wp\/v2\/comments?post=1034"}],"version-history":[{"count":1,"href":"https:\/\/vcnatrilha.com.br\/servicos\/wp-json\/wp\/v2\/pages\/1034\/revisions"}],"predecessor-version":[{"id":1037,"href":"https:\/\/vcnatrilha.com.br\/servicos\/wp-json\/wp\/v2\/pages\/1034\/revisions\/1037"}],"wp:featuredmedia":[{"embeddable":true,"href":"https:\/\/vcnatrilha.com.br\/servicos\/wp-json\/wp\/v2\/media\/1036"}],"wp:attachment":[{"href":"https:\/\/vcnatrilha.com.br\/servicos\/wp-json\/wp\/v2\/media?parent=1034"}],"curies":[{"name":"wp","href":"https:\/\/api.w.org\/{rel}","templated":true}]}}

<p><mark style="background-color:rgba(0, 0, 0, 0)" class="has-inline-color has-black-color">Renan Cirilo Alves &#8211; Fundador</mark></p>



<p>• É a primeira empresa capixaba com foco em produção e consultoria em podcasts. Atendendo instituições públicas e privadas;</p>



<p>• Responsável por todas as fases de produção do programa de podcast “Natrilha”.&nbsp; Um dos maiores programas nacionais no segmento: “Vida ao ar livre” e ” Estilo de vida” desde 2015.&nbsp; (fonte: iTunes, Spotify, Deezer, Google Podcasts);</p>



<p>• Realiza ações de promoção e divulgação com foco em Podcasts. Ações que incluem eventos, palestras, oficinas e encontros setoriais, bem como a organização de grupo capixaba de produtores de podcast &#8211; POCA;</p>



<p>• Desde 2017, realiza anualmente o &#8220;Seminário de Podcasts&#8221;, primeiro evento desse segmento no Brasil;</p>



<p>• Ex Vice-presidente da Associação Brasileira de Podcasters – ABPOD em 2020;</p>



<p>• Única empresa de podcasts selecionada para participar do MICBR/2021, representando o mercado Íbero-latino de produção audiovisual;</p>



<p>• Em seu portifólio: cobertura de eventos, produção e criação dos mais variados formatos de podcasts para os mais vários segmentos do mercado nacional.</p>

<p>Renan Cirilo Alves &#8211; Fundador • É a primeira empresa capixaba com foco em produção e consultoria em podcasts. Atendendo instituições públicas e privadas; • Responsável por todas as fases de produção do programa de podcast “Natrilha”.&nbsp; Um dos maiores programas nacionais no segmento: “Vida ao ar livre” e ” Estilo de vida” desde 2015.&nbsp; [&hellip;]</p>
